 + 11 + 4 = 0. Let v(l) = 6*l**2 + 2*l + 17. Let m(u) = -2*u**2 - u - 6. Let s(q) = 11*m(q) + 4*v(q). Determine s(k).
11
Let m = 834 - 828. Let f(w) be the second derivative of -2/3*w**3 + 0 - 3*w**2 + 1/12*w**4 + m*w. Determine f(6).
6
Let c(t) = 22 - 9 - 2 - 4 - 4*t - 9. Calculate c(1).
-6
Let v(j) = 4 - 5 + 0 - j**2 - 4*j. Determine v(-4).
-1
Let b(f) be the first derivative of f**3/3 - f**2/2 - f - 7. Let i be b(0). Let z(s) = 7*s. Calculate z(i).
-7
Let z(u) be the first derivative of u**5/60 + u**4/24 + 4*u**3 - 1. Let a(r) be the third derivative of z(r). Give a(4).
9
Let v(g) = g - 8. Suppose 4*d - 6 = -2*o + 2, -4*d = o + 4. Calculate v(o).
4
Suppose 5 = 3*j - 2*p + 2, 3*j - 12 = -p. Let a(i) = 2*i**2 - 2*i + j + 0*i - 2. Suppose -o + h = -2, -2*o = -4*o + 5*h + 4. Determine a(o).
5
Let h(z) be the first derivative of z**4/4 + 2*z**3 - 5*z**2/2 + 6*z + 1. Suppose 19*f - 1465 + 1598 = 0. What is h(f)?
-8
Let x(l) be the third derivative of l**5/60 + l**4/4 + 3*l**3/2 + 13*l**2. Let s(a) = a - 6. Let t be (-1 - -1)/(0 + 2). Let d be s(t). Give x(d).
9
Let q(g) = 2*g - 16. Let z be q(10). Let k(r) = 3*r + 6 - 6*r**2 - z*r**3 + 0 + 2*r**3 + 3*r**3. What is k(5)?
-4
Let w(k) = -k**2 + 3*k - 2. Let q be w(3). Let t be (-1)/((-1)/(0 - -13)). Let z(l) = 24 - t + 2*l - 12. Give z(q).
-5
Let w(k) = k**2 - 23*k + 30. Let t(i) = -i**3 - 13*i**2 + 22. Let o be t(-13). What is w(o)?
8
Let p(v) be the first derivative of v**4/12 + v**3/6 + v**2 + 34*v - 9. Let l(d) be the first derivative of p(d). Calculate l(-3).
8
Let w(n) = -n**2 + 8*n - 1. Let i be w(7). Suppose -i = 2*y - 0*y. Let f(s) = s**2 + 2*s - 1. What is f(y)?
2
Suppose 210 = -54*i + 12*i. Let m(o) = 2*o**3 + 6*o**2 + 0 - o**3 + 5*o + 5. Determine m(i).
5
Let o(a) = a**3 - 1. Let t(n) = n**2 - 15*n + 43. Let l be t(9). Suppose -24 + 2 = -2*u. Let m = l + u. Give o(m).
-1
Let a = -21 - -49. Suppose 4*g - 2*x - 2*x + a = 0, -g + 3*x - 11 = 0. Let z(u) be the first derivative of u**4/4 + 2*u**3 + 5*u**2/2 + 4*u + 1. Calculate z(g).
4
Let g(w) = 4*w + 3. Suppose -h + 2*o = 10, 0*h = 4*h + 2*o + 10. Calculate g(h).
-13
Let k(l) = -l**3 + l**2 + 5. Let o be k(0). Let z = o - 4. Let u(s) = -2*s**2 - 2 + 2*s + 0 + 4 - z. Determine u(2).
-3
Let n(g) = -3*g**2 + 12*g - 4. Let l(s) = -s**2 + 4*s - 1. Let d(k) = 11*l(k) - 4*n(k). What is d(4)?
5
Let b(i) = 14*i - 80. Let v be b(6). Let c(o) = o**2 - 8*o - 3. What is c(v)?
-19
Let h(i) = i - 5. Suppose -3*x - 3 = 3*p, -4*p + 7*p - 5 = -5*x. Give h(x).
-1
Suppose s + 1 = 0, 16 - 4 = t + 2*s. Suppose 5*w + 0*w + r - 14 = 0, t = 3*w - 5*r. Let v(f) = -6*f + 6*f**2 - 12*f**2 - 2 - f**w + 2. Give v(-5).
5
Suppose 0*k = 5*k + 2*r + 19, -2*r = 3*k + 9. Let a(x) = -4*x - 4. Let o(g) = -7 - 31*g + 50*g - 28*g. Let d(p) = 7*a(p) - 3*o(p). What is d(k)?
-2
Let i be -1 - -5 - 75/(-3). Let s = i - 20. Let a(h) = -h**2 + 9*h + 3. What is a(s)?
3
Let j(c) = c**2 - 4*c + 5. Let g be 26/(-6) + 8/24. Let n(d) = d**3 + 4*d**2 - d + 2. Let l be n(g). Determine j(l).
17
Let d(m) be the second derivative of m**4/12 + 7*m**3/6 + m**2 - 38*m. Suppose -2*l + 4*h - 9 = 25, -2*l + 5*h = 39. What is d(l)?
2
Let v(x) = -x - 3. Let d(p) = -3*p - 9. Let l(o) = -d(o) + 4*v(o). Give l(8).
-11
Let c = 3 + -3. Let f(i) = i**3 + 11*i**2 + 19*i + 5. Let a be f(-9). Let g = c - a. Let h(r) = r**3 - 6*r**2 + 4*r + 5. Determine h(g).
-11
Let t(i) = -4*i**2 - 52*i - 2. Let y(s) = -3*s**2 - 37*s - 1. Let b(x) = -5*t(x) + 7*y(x). Determine b(-5).
-27
Let f = -6 + 6. Let t(i) = f + 5 + 3*i + 4*i + i**2. Let h be t(-6). Let o(x) = -6*x**3 - x**2 - 2*x - 1. What is o(h)?
6
Let q(v) be the first derivative of -1/2*v**2 - v - 6. Determine q(4).
-5
Let y = -7 + 15. Let d(j) = -j**2 + 1. Let p(r) = -2*r**2 + 3. Let k(c) = y*d(c) - 3*p(c). Let q(a) = -a**3 + 2*a**2. Let i be q(1). Calculate k(i).
-3
Let b(c) be the second derivative of c**5/20 + 5*c**4/12 + 5*c**3/6 + 2*c**2 - 3*c. Suppose -1 = -3*p - 70. Let a = 19 + p. What is b(a)?
0
Let i(v) = 3*v**3 - 7*v**2 + 3*v - 7. Let k(y) = -10*y**3 + 21*y**2 - 10*y + 20. Let c(q) = 7*i(q) + 2*k(q). Calculate c(7).
-2
Let t(j) = j**2 - 5*j - 4. Let y = -7 + 10. Suppose y*k - 4 = -k. Let q(g) = 4*g. Let f be q(k). Calculate t(f).
-8
Let m(u) = u + 5. Let v = -18 + 25. Let i(b) = b**3 - 9*b**2 + 14*b + 5. Let w be i(v). Calculate m(w).
10
Suppose 7*v = v + 12. Let p(h) = h**v + 26 - 47 + 23 + 2*h. Give p(-2).
2
Let v be ((-2)/(-4) + -3)*12/(-15). Let z(y) = 11*y**2 + y**3 + y - 12*y**3 - 11*y**v. What is z(1)?
-10
Let i(o) = o**3 + 3*o**2 + 2*o - 2. Suppose 20 = -5*h - 0*h, 0 = -5*k + h - 6. Let p be i(k). Let a be (0 - 3) + (-8)/p. Let x(s) = -7*s**2 - s + 1. Give x(a).
-7
Let c = -63 - -96. Suppose -5*j = 4*h - 0*j - 19, -5*h + 3*j + c = 0. Let x(o) = 2*o**2 - 9*o + 3. Give x(h).
21
Let u(c) = -2*c + 4. Let x be 6 - -1 - (0 + 4). Let p be u(x). Let y(v) be the third derivative of v**5/60 - v**4/12 - v**3/3 + 4*v**2. What is y(p)?
6
Let a(t) = -5*t - 13. Let l be a(-12). Let w = l + -42. Let u(v) = -9*v + v**2 + 3*v + 0*v**2 + 2. Give u(w).
-3
Suppose -12*y = -15*y + 75. Suppose 0 = 4*u - 0*r - 2*r + 6, -5*r = -y. Let a(n) = 20*n**3 - 2*n**2 + 1. Calculate a(u).
19
Let v(g) = g**3 - 5*g**2 - 7*g - 4*g**3 + 2*g**3 + 0*g**3. Let y be v(-3). Let d(n) = n**2 + 4. Calculate d(y).
13
Let z = -8 + 10. Let y(p) = -2*p**2 - z*p**2 + 275*p - 274*p. What is y(-1)?
-5
Suppose -4*i = -3*i + t + 3, -5*t - 22 = -2*i. Let q(p) = -186*p + 93*p - 1 + 98*p. Determine q(i).
4
Suppose 198 = -62*k - 112. Let y(c) = c**3 + 5*c**2 - 2*c + 3. Give y(k).
13
Let u(q) = -2*q + 14*q - 26*q**3 - 3*q - 8*q + 2*q**2 - 7*q**3. What is u(-1)?
34
Let s be 256/44 + (-2)/(-11). Suppose 0 = -2*k - 3*m - 8, 2*m - 3*m = 4*k + s. Let u be (-5 - -4)*(2 + k). Let r(b) = -5*b**2 + b + 1. Determine r(u).
-5
Let t(v) = v**2 - 6*v - 8. Suppose 3*l - 9 = 6. Suppose 2*m - 36 = -m + l*h, 3*m - 2*h - 27 = 0. What is t(m)?
-1
Let g(x) = 10*x**2 - 1. Let j(p) be the second derivative of -4*p + 1/2*p**2 + 0 - 1/12*p**4 - 1/6*p**3. Let o be j(-2). Determine g(o).
9
Let z be 12/3*3/6. Let d(f) be the first derivative of 2*f**3/3 + f**2/2 - 2*f + 50. Determine d(z).
8
Let y be ((-40)/36)/5*-9. Let p(h) = -12*h - h**2 + 11 + 18*h - 3*h - y*h. Calculate p(0).
11
Let s = 11 + -16. Suppose 0*c = 4*o - c + 2, 4*c - 8 = -4*o. Let i(a) = -a**3 + 0 + o - 5*a - 6*a**2 - 3 + 0*a. Calculate i(s).
-3
Suppose -22*g - 7*g = -87. Let t(h) = 3*h - 2. Determine t(g).
7
Let b = -35 + 35. Let j be 9/9 - (1 + b). Let w(s) = -s**2 - s + 10. Determine w(j).
10
Let r(u) = 3*u + 6. Let o(j) = -7*j - 11. Let i(g) = 2*o(g) + 5*r(g). Give i(-6).
2
Let c(i) be the third derivative of -i**4/24 + 14*i**2. Determine c(5).
-5
Suppose 2*o + o = 195. Let r = -64 + o. Let z(i) = -6*i**2 - 2*i - 5. Let x(w) = -7*w**2 - w - 4. Let s(n) = -4*x(n) + 3*z(n). Determine s(r).
9
Suppose -5*v = -5*r + 40, -4*r = -2*r + 3*v - 11. Let x(i) = -i + 3. Determine x(r).
-4
Let h(y) be the second derivative of -y**4/12 + 2*y**3/3 - 3*y**2/2 - 237*y. Determine h(6).
-15
Let y(v) = v**3 - 20*v**2 + 3*v - 54. Let x be y(20). Let c(j) = 3 + 0*j + 1 - 2 - j. Calculate c(x).
-4
Let c(m) = 27*m + 4. Let b(z) = 60*z + 9. Let a(p) = -2*b(p) + 5*c(p). Calculate a(-1).
-13
Let t(j) = -j**2 + 5*j + 3. Suppose 26*x - 32*x + 24 = 0. What is t(x)?
7
Let s(t) = -t**3 - 5*t**2 - 2*t + 2. Let r be (3/5 - 1)*-5. Suppose -a + 16 = -3*h - h, 4*h = -r*a - 28. Determine s(a).
-6
Let l = 17 + -22. Let a(s) = 4*s + 6. Let r(u) = -u - 4*u + 6*u. Let q(m) = l*r(m) + a(m). Calculate q(5).
1
Let r(o) = -2 - 1 - 5*o**2 + 738*o - 746*o + o**3. Determine r(7).
39
Let p(a) be the first derivative of -a**3/3 - 3*a**2 - 4*a - 3. Let h = 32 + -37. Calculate p(h).
1
Suppose 4*q + 11 = 3. Let p be (-61)/q + 2/(-4). Suppose -p = -4*t - 6. Let k(f) = f**2 - 4*f - 6. Give k(t).
6
Let n(t) = t**2 - 1. Let v be n(2). Suppose -v*o = -0 + 3. Let d(p) = -p. Let y(w) = -4*w. Let a(x) = 26*d(x) - 6*y(x). Give a(o).
2
Let i(n) = -3*n**2 + 173*n - 115. Let a be i(57). Let h(l) be the first derivative of 2*l**2 - 2. Determine h(a).
-4
Let w(g) = 8*g**3 + 12*g**2 + 7*g + 13. Let q(o) = -7*o**3 - 11*o**2 - 7*o - 12. Let v be 1/(-1)*(-14)/2. Let d(n) = v*q(n) + 6*w(n). What is d(-4)?
6
Let y be (1/(-1))/(1/7). L